 - 6. Let g(d) = -7*d + 4. Let q(a) = -5*b(a) - 7*g(a). Determine q(i).
-1
Let w(v) = -3*v**2 + 6*v + 33. Let c(b) = 2*b**2 - 4*b - 23. Let g(j) = 7*c(j) + 5*w(j). Let s(a) = a - 1. Let t be s(-3). Determine g(t).
-20
Let q(j) = -2 - 2*j**2 + 3*j**2 + 4 - 8. Let o(b) = -b**3 + b. Let w(z) = -o(z) + q(z). Let g(u) = u**3 - 2*u**2 + 2*u - 1. Let f be g(1). Calculate w(f).
-6
Let c(o) be the second derivative of o**3/2 - 3*o**2/2 + 92*o. What is c(3)?
6
Let i(s) = -s**2 - 5. Let o(q) = -26*q**2 + 25*q**2 - q + 7 - 2. Let d be o(0). Suppose 3*f + d*p - 20 = 0, 3*p = -4*f + p + 8. What is i(f)?
-5
Suppose 2*g - 26 = 4*j, -g + 0*g + 9 = -j. Let w(i) = 2*i - 1. Give w(g).
9
Let t(i) = -2*i - 10. Suppose -4 = -j + 2*h - 5, j - h = -3. Calculate t(j).
0
Let s(t) = t**2 - 6*t - 1. Suppose -2*q = -3*o + 15, -3*q - q = -5*o + 27. Suppose 6*p - 4*n - 30 = p, -o*p + 5*n + 18 = 0. Determine s(p).
-1
Let r be 2/4*(3 - 3). Let a(m) = 9*m**3 + r*m**3 + 3*m**3. Give a(-1).
-12
Let r(l) be the second derivative of 1/6*l**3 + 2*l + 0 + 2*l**2. Let i be 1*11*(-49)/((-5390)/60). Calculate r(i).
10
Suppose 0*x = x - 2*n - 8, 4*n + 2 = -5*x. Let l(t) be the third derivative of 0 - 1/12*t**5 - 5/6*t**3 + 0*t - 1/120*t**6 + 1/6*t**4 + x*t**2. What is l(-6)?
7
Suppose -6*u - 2 = -4*u. Let g(l) = 41*l + 11*l**2 - 67*l + 27*l. Determine g(u).
10
Let f(p) = -p**3 + 5*p**2 + 5*p + 4. Suppose -5*o = 89 + 61. Let w = o + 36. Calculate f(w).
-2
Let j(f) be the second derivative of f**3/6 + f**2/2 + 12*f. Let w = 9 + -5. Suppose -17 + 5 = -w*s. Calculate j(s).
4
Let n be 5/3 - (-247)/57. Let z(w) = -3*w**3 + 4*w**2 - 2*w + 7. Let k(g) = g**3 + g**2 + 1. Let c = 1 - 0. Let h(r) = c*z(r) + 2*k(r). Calculate h(n).
-3
Let y(j) = -3*j + 2*j**2 + 3*j + 2 - 5*j + j**3 + 2*j. What is y(-3)?
2
Let b(v) = -3*v - 2. Suppose -2*q = -77 - 79. Let n = q + -73. Calculate b(n).
-17
Let b(n) = n - 3. Let l(p) = 2*p - 10. Let o(d) = -8*b(d) + 3*l(d). Suppose 16 = -4*j - 0. Calculate o(j).
2
Suppose 3*t = -t. Let a(q) be the first derivative of -q**5/120 + q**4/8 + 4*q**3/3 - 4. Let i(v) be the third derivative of a(v). Calculate i(t).
3
Let w(j) = 8*j - 4. Let c be w(2). Let f be (c/10)/((-6)/(-30)). Let b(n) = n**3 - 5*n**2 - 4*n - 7. Calculate b(f).
5
Let l(t) = -14*t - 14. Let p(o) = -5*o - 5. Let k(m) = 6*l(m) - 17*p(m). Let z = 844 + -841. Determine k(z).
4
Let w(f) = -f**3 - f**3 - f**2 + f**3 - 3*f**2 + 3 + f. Let r be (-2 - (0 + 4))*28/42. What is w(r)?
-1
Let h(d) = -9*d**2 + 924*d - 926*d - 7 + 5*d**2. Calculate h(-3).
-37
Let i(d) be the second derivative of 0 - 7/12*d**4 + 7/2*d**2 - 5/6*d**3 - 25*d - 1/20*d**5. Give i(-6).
1
Let c be (-36)/(-16)*1*(-16)/(-6). Let w(f) = f**3 - 5*f**2 - 7*f - 7. Give w(c).
-13
Let x(u) = -6*u - 5*u + 0*u + 5 + 10*u. Calculate x(4).
1
Let n(j) = j - 18. Let l = 966 - 954. Determine n(l).
-6
Let p(g) = -g**2 + 3*g + 1. Suppose -3 = -2*o - 1. Suppose -3*t + o = -8. Suppose t*w - 8 = 5*w, 4*w = -4*s. Give p(s).
-3
Let v be 8/(-6)*((-21)/6 + 5). Let x(d) = -8*d**2 - 2*d - 1. Let f = 8 + -3. Let n(u) = u**2. Let l(r) = f*n(r) + x(r). What is l(v)?
-9
Let m = -15 - -8. Let p(w) = -8*w**2 - 6*w + 1 + 2*w**2 + 4 + w**3 + 12*w**2 + 4. Calculate p(m).
2
Let z(f) = -45*f**2 - f. Suppose 3*l + p - 6 = 0, -5*l = -3*p + 7*p - 17. What is z(l)?
-46
Let m(k) be the third derivative of k**4/8 - 2*k**3/3 + 2*k**2 - 108. Suppose 5*i = 13 + 2. Give m(i).
5
Let l be (-35)/(-14) + (-2)/(-4). Let i(h) = -l + 21*h - 8*h - h**2 - 6*h. Calculate i(8).
-11
Let u(i) = 27*i**2 + 2*i + 36. Let b(p) = 23*p**2 + p + 34. Let q(n) = 7*b(n) - 6*u(n). What is q(-8)?
-2
Let w(f) = f + 2. Let p be (-14)/(-2) - (3 - 7). Let j(b) = b - 6. Let y be j(p). Suppose 5*s - 5*g + y = 0, 5*s - 2*g + 5 = 2*s. Calculate w(s).
-1
Let z(o) be the third derivative of -o**6/120 - o**5/60 - o**3/6 + 85*o**2. Determine z(-2).
3
Let w(r) = -5*r - 1. Suppose -20 = -3*n + 5*t, 0*n + 3*n + 5*t - 10 = 0. Calculate w(n).
-26
Let z(m) = -9*m. Let q(u) = -u**2 - 5*u - 3. Suppose 9*k - 20 = 14*k. Let l be q(k). Give z(l).
-9
Let a = -1 - -1. Let t = a + 12. Let n(f) = -t + 4 + f + f + 0. Give n(6).
4
Let n(t) = t**2 - 2*t - 2. Let z be n(4). Let a(h) = -2*h**2 - z + 6 + 3*h**2. Let j be (-2)/(-3) - 22/6. Give a(j).
9
Let z be 32/20*20/(-8). Let h(p) = p + 4. Determine h(z).
0
Let d(k) = -k**3 - 2*k**2 + 7*k + 6. Let s(i) = -i**2 - 5*i + 10. Let t be s(-7). Determine d(t).
10
Let p be (-248)/32 - (-2)/(-8) - -2. Let q(a) be the second derivative of -1/20*a**5 + 0 + 2*a - 1/2*a**4 + 1/6*a**3 - a**2. Give q(p).
-8
Suppose 2*v - 57 = -49. Let z(b) = 5*b + 2 - 3 - 1. Determine z(v).
18
Let n be (-2 - 2)*(-6)/4. Let i(z) = n*z + 6 - 9 + 4. Give i(1).
7
Let x(f) = 21*f**3 + f**2 - 3*f + 4. Let z(b) = -11*b**3 - b**2 + 2*b - 2. Let a(t) = -3*x(t) - 5*z(t). Determine a(-1).
9
Let s = 11 + -11. Let u(z) = -3*z - 1 + s + 2*z - 4*z. Determine u(1).
-6
Suppose 5*x - 2*x - 15 = 0. Suppose x*w + 16 = 9*w. Let s(j) = 2*j**2 + w*j**2 + 4*j + 0*j - 7*j**2. What is s(2)?
4
Let m(n) = 1 - 57*n**2 + 9*n - 55*n**2 + 111*n**2. Give m(4).
21
Let i(q) = 2 + 0*q - q**3 + 2 - 8*q - 7*q**2. Let t be 6/27 - 2/9. Suppose u + 2*u - 36 = 4*n, 2*n + u + 8 = t. Give i(n).
16
Let a(x) = x**3 + 6*x**2 - x + 5. Let r be a(-6). Suppose r*h = -37 + 4. Let j(p) = p**2 + p + 1. Give j(h).
7
Let i = 22 + -20. Let u be (-33)/15 - i/(-10). Let v be (-8)/u + 1/1. Let k(r) = -r**3 + 6*r**2 - 4*r - 1. Give k(v).
4
Let s(v) = -v**3 + 2*v**2 + 5*v + 6. Let h(q) = 3*q**3 - 6*q**2 - 13*q - 18. Let c(u) = -4*h(u) - 11*s(u). Calculate c(3).
-12
Let l(i) = -i + 1. Suppose 3*d - 2 = -4*t, t + t + 2 = -d. Let u be (33/d - -2)*-2. Let s = -11 - u. Calculate l(s).
-3
Let w(v) = -26*v**2 + 90*v + 86. Let k(m) = -16*m**2 + 46*m + 43. Let b(q) = -5*k(q) + 3*w(q). What is b(-19)?
5
Let g = -398 - -397. Let q(z) = z - 1. Give q(g).
-2
Let h(l) = -l - 90 + 41 + 52. Give h(6).
-3
Let c(a) = -a**2 + 2*a**3 + 1 - a**2 + 4*a**2 - a. Let p = 1153 + -1155. Determine c(p).
-5
Let z(a) be the first derivative of 1/3*a**3 + 3/2*a**2 + 7 - 7*a. Determine z(-5).
3
Let v(w) = 2*w**2 + w. Let i(x) = x**2 + 3*x - 2. Suppose -8 - 13 = 7*a. Let g be i(a). What is v(g)?
6
Let i(z) = 37*z. Suppose 917*s - 916*s = 1. Determine i(s).
37
Let d(b) = -b**2 - 3*b**2 - 3*b + 3*b**2. Suppose 0 = -3*p - 2*z - 17, -p + 22 - 21 = -z. Determine d(p).
0
Let x(h) be the first derivative of -2*h**3 + 15 + 7/2*h**2 - 6*h + 1/4*h**4. Give x(5).
4
Let t(v) = -2*v**2 + 3*v - 2. Let u be t(2). Let q be (-7 + 8)/(-1 + (-30)/(-28)). Let p be (5 - q)*u/(-6). Let y(a) = a**2 + 9*a + 6. Calculate y(p).
-12
Let s(m) = -m**3 + 6*m**2 + 9*m - 11. Let a(x) = 1. Let p(w) = -2*a(w) - s(w). Let i be p(7). Let g(j) = -j**3 - 3*j**2 + 6*j - 6. Calculate g(i).
14
Let p(v) = 2*v - 1. Let s(z) = -z**2 + 15*z - 44. Let j be s(11). Suppose 2*m = 5*a - 6 - 5, 2*a + 5*m + 13 = j. Give p(a).
1
Let n(x) = 25*x**2 - 699*x - 24. Let c be n(28). Let d(i) = i - 6. Give d(c).
-2
Let u(a) be the third derivative of a**6/120 - a**5/20 + a**4/24 - 2*a**2. Suppose -8*y = 707 - 731. Calculate u(y).
3
Let k(p) = -p + 8. Let u(c) = c**2 + 7*c - 6. Let v be u(-6). Let w = v - -13. Suppose 0 = 3*a - 17 - w. What is k(a)?
2
Let z(f) = 2*f - 21. Let k = 1483 - 1474. What is z(k)?
-3
Let b(n) = -4 - 5*n**2 - 8*n + 10*n + n**3 - 4*n + 8. Give b(4).
-20
Suppose 2*s - 3*f = 16, -5*s + f = 6*f + 10. Suppose -5*z - s*h = -40, -7*h + 4*h = 0. Let a(u) = -2*u + 9. Give a(z).
-7
Let c(t) = -t + 2. Suppose -5 + 4 = w. Let z be c(w). Let x(j) = 3*j**2 + 3*j**2 - j**z + 0*j**3 + 0*j**3 - 5*j + 7. What is x(5)?
7
Let j(z) = -4 + 3 - 4*z + 17*z - 14*z - 8*z**3 + 0*z**2 + z**2. Suppose 0*w + 13 = -4*w - 3*p, -4*p = w + 13. Calculate j(w).
9
Let h(k) = 15*k + 3 - 6 + 9124*k**2 - 9139*k**2 + k**3 + 4. Give h(14).
15
Let w(t) = 13*t - 1. Let c(z) = 2*z - 9. Let v(j) = 19 - j**3 - 11 - 3 - j + j**2. Let x be v(0). Let a be c(x). Determine w(a).
12
Let i(j) = 6*j - 1. Suppose -5*m + 21 = x, 4*m + 13 + 35 = x. Let o be -4*(x/(-16) - -2). Calculate i(o).
5
Let w(f) = f - 7. Let g(r) = r**2 + 10*r + 17. Let h be g(-9). Let a be (-1)/(-1) + h/(-8). Give w(a).
-7
Let f(z) = z**3 + 4*z**2 - 2*z + 12. Let n = 452 + -457. Give f(n).
-3
Let u(a) = a**2 - 5*a - 7. Suppose -6*x +